et t(w) = -6*w**3 + 2*w**2 - 2*w - 1. Let a be t(-2). Let u be (-2)/((-12)/(-6)*-1). Let x = a + u. Calculate the remainder when x is divided by 32.
28
Suppose 715 = -63*t + 4087 + 27309. Calculate the remainder when t is divided by 24.
7
Let c = -6797 - -10748. What is the remainder when c is divided by 16?
15
Suppose -28*u + 959 - 614 = -1307. What is the remainder when 484 is divided by u?
12
Let d(b) = 8*b**2 - 510*b + 40. Calculate the remainder when 389 is divided by d(64).
53
Suppose -5 = -4*g + 11. Let s = 1298 + -1193. What is the remainder when s is divided by g?
1
Suppose 2*p - 17 = -7. Suppose p*i - 47 = 2*j, 4*i - 5*j = 7 + 17. Let g = 4 + i. Calculate the remainder when 74 is divided by g.
14
Let i = 10589 - 10401. Calculate the remainder when i is divided by ((-114)/4)/(6/(-8)).
36
Let j be (-50)/15*(-1287)/5. Let f = -812 + j. Calculate the remainder when 163 is divided by f.
25
Suppose 4*p = -2*m + 386, 4*m + 81 - 853 = -2*p. Let j = -160 + m. What is the remainder when 61 is divided by j?
28
Let r(p) be the third derivative of p**5/60 - 5*p**4/8 - 3*p**3/2 + 23*p**2. Let a be r(18). Let b = a - 28. Calculate the remainder when 33 is divided by b.
16
Suppose -3*k - t - 353 - 117 = 0, k + 166 = -5*t. Let x = k - -105. Let o = 86 + x. What is the remainder when o is divided by 9?
8
Suppose 12*i - 18*i + 18 = 0. Calculate the remainder when (44/(-8) - i)/((-1)/4) is divided by 12.
10
Let q(l) = -7*l. Suppose 3*a + 8 = -a + k, 5*k - 8 = 4*a. Let i(d) = -d**2 + 94*d - 620. Calculate the remainder when i(8) is divided by q(a).
12
Let w be (-2)/(-10) - (-29)/5. Suppose w*d - 11*d + 25 = 0. Suppose -c + d*c - u = 154, 2*c = -u + 74. Calculate the remainder when c is divided by 8.
6
Let p = -245 - -199. Let i = -32 - p. Calculate the remainder when ((-78)/(-8))/(1/4) is divided by i.
11
Let h be ((-2)/4 - 13/6)*3. Let l be (h/10)/(2/(-10) + 0). Suppose l*r + 5*j - 110 = 0, -4*j + 3*j - 122 = -4*r. What is the remainder when 118 is divided by r?
28
Suppose -32*t - 12628 + 14836 = 0. What is the remainder when 411 is divided by t?
66
Let l = 7710 - 11595. Calculate the remainder when (-8)/(-7)*l/(-30) is divided by 34.
12
Let t = 41 + 215. Suppose -4 - t = -4*b. Calculate the remainder when 194 is divided by b.
64
Suppose -62*t + 85924 - 5821 = -10665. Calculate the remainder when t is divided by 486.
6
Suppose -2*r + 4*o - 288 = -6*r, 0 = -4*r - 5*o + 283. Suppose -3*a + 24 = -6. Calculate the remainder when r is divided by a.
7
Let p be -1 + 50 + -1 - 1. Let v = p + -49. What is the remainder when (2 + -1 + v)/(2/(-244)) is divided by 25?
22
Suppose -8*c + 35 = -3*c + s, 15 = -3*s. Let u(r) = -58*r - 31. Suppose -5*a - 15 = 2*p, 14 + 9 = 2*a - 5*p. What is the remainder when u(a) is divided by c?
3
What is the remainder when 264 is divided by ((-143)/22 - -3)/((-1)/14 + 0)?
19
Let v = 802 + -780. Suppose -b = 4, 0 = -4*g - 2*b + 5*b + 204. What is the remainder when (g/4)/4 + 126 is divided by v?
19
Suppose -5*s = -0*s + 2*h - 145, -5*s = h - 150. Let k = -12397 - -12467. Calculate the remainder when k is divided by s.
8
What is the remainder when 2 + 1 + (-3 - -2 - 3536/(-16)) is divided by 67?
22
Calculate the remainder when 1869 is divided by (356/445)/(2/40).
13
Let u = -10 - -20. Let b = -221 + 270. Suppose 3 = -m, -2*n = -m - 44 - b. Calculate the remainder when n is divided by u.
5
Suppose 27*f + 119 = 470. Suppose 399 = 6*b + f*b. What is the remainder when 38 is divided by b?
17
Suppose 2*x - 24 = 32. Suppose -4*g + x + 8 = 0. Let r = -591 - -621. What is the remainder when r is divided by g?
3
Suppose 2*s + 2651 = 4*s + 5*u, 5*s + 4*u - 6670 = 0. Calculate the remainder when s is divided by 267.
3
Suppose -16*p + 834 + 2142 = 0. Suppose 0*v - 2*v + 248 = 4*z, -3*z - 4*v + p = 0. What is the remainder when 241 is divided by z?
55
Let n be -2 + (-1 + 0)/(3/(-42)). What is the remainder when 97 is divided by -4 + n + -5 + 6?
7
Suppose 0 = 6*y + 2*y - 8. Let w be y - (48/4 + -1). What is the remainder when 47 is divided by 24 + w - (3 - 1)?
11
Let t(f) = 3*f**2 + 73*f - 489. What is the remainder when 325 is divided by t(7)?
156
Let c(o) = 3*o**3 - o**2 - 36*o + 22. What is the remainder when 624 is divided by c(0)?
8
What is the remainder when 8554/49 - (-200)/(-350) is divided by 133?
41
Suppose 5727 + 7629 = 2*t. Let q be (-8)/(-10) + t/90. Let d = 144 - q. Calculate the remainder when d is divided by 10.
9
Let y = -7674 - -9278. What is the remainder when 4816 is divided by y?
4
Let m = -24678 - -25501. Calculate the remainder when m is divided by 823.
0
Let g(t) = -t**3 - 15*t**2 - 102*t - 1368. Calculate the remainder when g(-16) is divided by 37.
2
Suppose 632 = -l + 5*l. Let w = 73 - 63. What is the remainder when l is divided by w?
8
Suppose 2*l + c - 6*c - 33 = 0, 0 = -l + 3*c + 19. What is the remainder when (-15 - 9 - -19)/(-1) is divided by l?
1
Calculate the remainder when 1016 is divided by -73*4*(2 + (-9)/4).
67
Suppose -24 = -2*b - i - 2*i, 10 = 5*b - 5*i. Suppose 6*s + 220 = 16*s. What is the remainder when s is divided by 26/b + 2/(-6)?
2
Let h = -17793 - -17825. Calculate the remainder when 273 is divided by h.
17
What is the remainder when 633 is divided by (-235)/5*-3 + (11 - 4)?
41
Suppose -3*j = -j - 6. Let w be (-50)/(-4) - ((-17)/2)/(-17). What is the remainder when j is divided by (-15)/(-9) + 0 + 4/w?
1
Let w be -9*3/(-9) + -3. Suppose -3*b + 2*z - 83 = -8*b, w = 4*b - 5*z - 73. What is the remainder when 150 is divided by b?
14
Let i be 808/(-20) - 6/10. Let x = -38 - i. Suppose 5*v - 280 = -3*k, 2*k + x*k = 0. Calculate the remainder when v is divided by 29.
27
What is the remainder when 313 is divided by ((-2124)/90 + 20)*10/(-4)?
7
Let u = -1524 + 1546. What is the remainder when 161 is divided by u?
7
Let l = -618 + 732. What is the remainder when 669 is divided by l?
99
Let k = -501 - -526. What is the remainder when 942 is divided by k?
17
Let g(k) = 14*k**2 - 21*k - 37. Calculate the remainder when 187 is divided by g(-3).
35
Suppose 0 = l - 5, -14*x + 18*x - 24675 = 5*l. What is the remainder when x is divided by 268?
11
What is the remainder when 4/(-42) - (36608160/(-1260))/106 is divided by 20?
14
Let b(h) = 7*h + 12 - 18 - 10 - 48 - 6. What is the remainder when b(12) is divided by 9?
5
Let p = 7777 + -7762. Calculate the remainder when 1357 is divided by p.
7
Let t be (-2 - (-3)/1)*-1. What is the remainder when -90*(10/(-28) + t/7) is divided by 15?
0
Let v = -55 - -57. Suppose -n + 1 = j + j, 2*j - v*n = -8. Calculate the remainder when 0 + -14*((-20)/8 - j) is divided by 12.
9
Suppose 77 = -8*w - 3*w. Suppose -2*m + 8 = 0, 4*m + 34 = -4*o + 10. Let u = w - o. What is the remainder when u is divided by 3?
0
Let w = -313 + 229. Let j be (-9)/(1/(-15)*-3). Let k = j - w. Calculate the remainder when 153 is divided by k.
36
Suppose 2*j - 5*k - 25 = 0, 31 = 5*j - 2*k - 0*k. Let v(a) = 2*a**2 - 4*a - 13. Let t = 148 + -143. Calculate the remainder when v(t) is divided by j.
2
Let i(f) = f. Let a be i(-2). Suppose -8*h + 25 = -3*h. Calculate the remainder when a*(-2)/(16/26)*2 is divided by h.
3
Let i(n) = -n**2 + 8*n - 1. Suppose 16 = -0*k + 4*k. Suppose -k*b + 8*b = 3*w + 133, 0 = -3*b + 5*w + 97. What is the remainder when b is divided by i(7)?
4
Let b(j) = -36*j + 17*j + 17*j + j**2 + 0*j**2. Let y be b(-1). Suppose -y*m + 30 = 3*m. Calculate the remainder when 18 is divided by m.
3
Let k(b) = 2*b**3 + 10*b**2 - 13*b + 19. What is the remainder when 327 is divided by k(-6)?
2
Let i = -2 - -4. Let v(g) = -94*g - 176. Calculate the remainder when v(-2) is divided by (18/(-2))/(i/(-2)).
3
Let y = 24 - -113. Calculate the remainder when y is divided by ((-2)/(-5) - 1830/(-50)) + -2.
32
Let w = 362 + 25. Suppose 0 = -12*m + w - 15. What is the remainder when 122 is divided by m?
29
Suppose -5*b + 4*d = -53203, 3*b + 880*d - 31923 = 883*d. What is the remainder when b is divided by 17?
14
Let c be (2 + 20/(-8))*-12. Let i(a) be the first derivative of 4*a**3/3 - 5*a**2/2 + 4*a + 10. Calculate the remainder when i(c) is divided by 41.
36
Suppose i + 2*i - 206 = 5*s, 2*s + 2 = 0. Let t = -14442 + 14482. What is the remainder when i is divided by t?
27
Suppose -10*n + 99 = -n. Suppose -n*q + 